and 13?
13
Let s = 48 + -11. Let g = s - 35. Suppose -4*j - 40 = -8*j. Calculate the highest common factor of j and g.
2
Suppose -3*t = -3*u + 18, -2*t = -7*t - 5*u - 30. Let l be 50/4 - t/(-12). What is the highest common factor of 8 and l?
4
Let q be (45/12)/(162/216). Calculate the greatest common divisor of 365 and q.
5
Let q(d) = -4*d**3 - 3*d**2 + 1. Let a(w) = -w - 6. Let o be a(-8). Let f be q(o). Let k = 106 + f. Calculate the greatest common factor of 7 and k.
7
Let j(h) = 16*h - 493. Let t be j(32). Calculate the highest common factor of 133 and t.
19
Suppose -v - 3*u - 11 = 0, 227*v - 223*v = -u + 11. Suppose 2*p - 3 = 5*z, -p = p + 4*z - 12. What is the highest common divisor of p and v?
4
Suppose -3*x = 3*o + x - 1124, 0 = -3*o - 3*x + 1119. Let b = -246 + o. Let s be (-7)/35 - b/(-10). Calculate the greatest common factor of 12 and s.
12
Suppose -2*p = l + 4*l - 1577, 0 = 5*p + 5*l - 3905. Calculate the highest common factor of p and 8.
8
Suppose 0 = -5*p + 718 + 217. Calculate the greatest common factor of p and 17.
17
Let x(r) = r**3 + 2*r**2 - 7*r - 6. Let i be 4*((-2)/1 + 1). Let m be x(i). Let y be (756/(-30))/(4/m). Calculate the greatest common factor of y and 9.
9
Let p = 44 + 21. Suppose 61*j - p*j = -336. Calculate the highest common divisor of 28 and j.
28
Suppose -55*p + 4484 = -2666. Calculate the greatest common factor of 70 and p.
10
Let x(j) = -3*j**3 + 3*j**2 - 3. Let o be x(-3). What is the highest common factor of 7 and o?
7
Let x = -143 + 380. What is the highest common divisor of x and 3?
3
Let a = -24 - -20. Let v be a*(-34)/4*9/6. What is the greatest common divisor of v and 34?
17
Suppose -8*u + 6*u + 303 = -5*w, -619 = -4*u - 3*w. Let z = u + -113. What is the highest common factor of 41 and z?
41
Let m = 683 - 483. What is the highest common divisor of m and 125?
25
Suppose -4*v + b - 12 = -63, 0 = -4*b + 4. Let z = -11 + 24. Calculate the highest common divisor of v and z.
13
Suppose -3*g - 30 = -j - 6*g, -2*g = 2. What is the highest common factor of 88 and j?
11
Suppose 4*m - 200 = -4*f, -f - 17*m + 32 = -22*m. What is the highest common divisor of f and 1504?
47
Let t be (-5 - 3)*(-4 + (-3 - -4)). What is the greatest common divisor of t and 192?
24
Let x be (4/10)/(2/10). Let k be (6 - 15)/((-3)/x). Let f be 12 + (-902)/77 - (-920)/14. What is the highest common divisor of k and f?
6
Let s be (-4 - -12 - 13) + 2 + 586. Calculate the greatest common divisor of s and 159.
53
Let y be 951 + (-8)/(88/(-11)). What is the greatest common factor of y and 168?
56
Suppose 3*v = k - 0*k - 63, 5*k + 5*v = 295. Suppose 4*n - k = 5*f, -4*n + 4*f = f - 52. Suppose -8 = -3*z + z. Calculate the greatest common factor of z and n.
2
Let o = 126 + 104. What is the greatest common divisor of o and 23?
23
Let u(g) = 6*g**2 - g - 2. Let x be u(-5). What is the highest common divisor of 17 and x?
17
Let p = -14 - -15. Suppose 2*v + 3*j = 5, 2*v + 3*j + p = -2*j. Let d be (-615)/(-105) + 1/v. Calculate the greatest common divisor of 42 and d.
6
Let i(u) = -5 - 3*u + 4 + 7*u**2 + 3*u. Let w be i(1). Suppose -31 + 11 = -5*y. Calculate the greatest common divisor of w and y.
2
Suppose -4*a = i - 581, 2*a + 2*i - 153 - 139 = 0. Suppose 5*k = 5*l + 295, 5*k + 2*l = 6*l + 294. Calculate the highest common divisor of a and k.
29
Let u = -10 - -12. Suppose -u*p + 19 = -o, 2*p - 6*p - 53 = 5*o. Let n = o - -14. Calculate the highest common divisor of n and 9.
1
Let n be 62/5 - 10/25. Suppose -36 = 9*v - n*v. Calculate the greatest common factor of 15 and v.
3
Suppose v - 65 = 15. Suppose 67*x - 65*x + 2*s = 40, -s + 4 = 0. What is the highest common divisor of x and v?
16
Let z be ((-14)/(-8) + -1)*(-148 - -232). Suppose -2*k + k + 7 = 0. Calculate the greatest common factor of z and k.
7
Let p = -610 + 778. Calculate the highest common factor of p and 24.
24
Suppose 0*l + 4 = -2*l - w, 0 = 5*w. Let x be (-80)/(4*l/12). Let c be (21/42)/(2/x). What is the highest common factor of 6 and c?
6
Let l = -787 - -907. Calculate the greatest common factor of l and 40.
40
Let i(r) = 11*r**2 - r + 10. Let o be i(5). Let z = o + -140. What is the highest common divisor of 20 and z?
20
Let b = 369 - 116. Let j be ((-16)/4)/(4/(-24)) + -1. Calculate the highest common factor of j and b.
23
Suppose 11*p = -2*i + 6*p + 259, -p + 473 = 4*i. Calculate the greatest common factor of 36 and i.
9
Let o be (-3417)/34*10/(-15). Calculate the greatest common factor of 2144 and o.
67
Let l = -1238 + 1241. Let y be 1 + (0 - -2)/2. Suppose 0 = -y*s + 3*s - 3. Calculate the highest common factor of l and s.
3
Suppose 3*j + 2*n = -8, 2*j - n = n + 8. Let l(i) = i + 4. Let a be l(j). What is the greatest common divisor of a and 44?
4
Let u be (-75)/(-300) - (102/8)/(-1). Calculate the highest common divisor of 1053 and u.
13
Let h = -26 + 54. Let d(g) = 119*g - 62*g + 5 - 60*g. Let c be d(-3). What is the highest common factor of h and c?
14
Suppose 2*c = 112 - 26. Suppose 0 = 2*u - 113 + c. Calculate the greatest common factor of 140 and u.
35
Suppose 0 = -l + 5 + 34. Suppose -4*m - 2*s = -84, l = -2*m + 3*m - 4*s. Suppose -4*q + 425 = -m. What is the greatest common factor of 14 and q?
14
Let h(r) = -52*r - 382. Let t be h(-8). Let v(q) = 2*q - 7. Let b be v(12). Calculate the highest common factor of b and t.
17
Let d(f) = f**3 + f**2 + f + 2. Suppose 5*q - 4 = 1. Let k be (1 - q)*(-1)/(-2). Let j be d(k). What is the greatest common divisor of 14 and j?
2
Let v be (-90)/(-27)*(3 + 55 + 2). Let l(d) = -d + 25. Let t be l(0). What is the greatest common divisor of v and t?
25
Let b = 14445 + -14443. Let x be (-2)/(-5) + (-23)/(-5). Calculate the greatest common factor of b and x.
1
Let s(n) = -34*n - 125. Let v be s(-4). Let j be 6/(3/(15 - 0)). Let l = 63 - j. Calculate the greatest common divisor of v and l.
11
Suppose 5*l + 543 = o, -o = 4*o - 5*l - 2675. Let w be o/52 + 2/(-8). What is the greatest common factor of w and 120?
10
Let k be 5 + (1 - 2) + 1. Suppose 2*o + k - 15 = 0. What is the greatest common divisor of 5 and o?
5
Suppose -28*m - 346 = -2586. What is the highest common factor of 10 and m?
10
Let g = -14 - -17. Suppose g*z = 2 + 10. Suppose 0 = -3*v + 4*f + 11 + 12, -z*v = -2*f - 44. What is the greatest common factor of v and 13?
13
Let m(f) = -13*f + 193. Let d be m(17). Let c = -38 + -2. Let w = d - c. Calculate the highest common divisor of 6 and w.
6
Let a = 540 + -460. What is the highest common factor of a and 10?
10
Let z(y) = y**2 + 2*y - 5. Let c be z(-5). Let d(h) = h**3 - 11*h**2 + 8*h + 30. Let l be d(c). What is the highest common factor of l and 160?
10
Let j = 60 - 39. Let b = 264 + -299. Let i be 6/j - 1110/b. What is the greatest common factor of 80 and i?
16
Let a = 16255 + -10855. Suppose 4*y + 0*y - a = 0. Let l be (y/20)/((-1)/(-2)). Calculate the greatest common factor of 15 and l.
15
Let k(x) = x**3 - 3*x**2 - 9*x + 5. Let n be k(7). Suppose -5*z = 25, -322 = 4*a - 5*z + 7*z. Let p = a + n. Calculate the highest common factor of 12 and p.
12
Let v be (-9 + 0)*2/(-3). Suppose 2 = 3*u - 46. Suppose -t + u = v. What is the highest common factor of 40 and t?
10
Let s be 69/9 + 1/3. Let p(v) = -v**3 + 7*v**2 + 13*v + 10. Let t be p(s). Calculate the greatest common factor of 20 and t.
10
Suppose -5*i + 34 = -31. Suppose -s + 6 = -i. Suppose 0 = -4*y + 2*a + 80, -y + 72 = 3*y + 2*a. Calculate the highest common factor of s and y.
19
Let j = 73 + -61. Suppose j*s + 24 = 16*s. Calculate the highest common divisor of s and 2.
2
Suppose -5*d - 37 = 88. Let l = 53 + d. Suppose -2*b + 5*j - 11 = -5*b, j = 4*b - 30. What is the greatest common factor of l and b?
7
Suppose 14*g = 2202 + 150. Suppose 4 = -4*d - 4*y + 16, 2*d - y = 3. Suppose 5*t = -5*q + 140, -3 = -d*q + 5. What is the greatest common divisor of g and t?
24
Suppose -5*s + 3*s - 2*h + 38 = 0, 94 = 4*s - 2*h. Suppose 3*o = -2*o + 165. What is the highest common divisor of o and s?
11
Let p(d) = 26*d**2 - 18*d + 31. Let x be p(2). Calculate the highest common factor of 63 and x.
9
Suppose l - 2*w - 20 = -4, -32 = -2*l - 2*w. Suppose 0 = 4*t - 45 - 19. What is the greatest common divisor of l and t?
16
Let a be (-1 - 4) + 150 - 7. What is the greatest common facto